{"id":118,"date":"2013-01-13T13:14:03","date_gmt":"2013-01-13T13:14:03","guid":{"rendered":"http:\/\/www.madeinebor.com\/montreal\/?page_id=118"},"modified":"2016-01-31T16:13:48","modified_gmt":"2016-01-31T14:13:48","slug":"about","status":"publish","type":"page","link":"https:\/\/www.rebeccapeschke.de\/?page_id=118","title":{"rendered":"About"},"content":{"rendered":"<p>[two_thirds]Musik begleitet mich schon (fast) mein ganzes Leben. Und weil ich urspr\u00fcnglich immer in die Fu\u00dfstapfen meiner gro\u00dfen Schwester treten und eine ebenso hervorragenden Klarinettistin werden wollte, begann ich zun\u00e4chst mit Blockfl\u00f6tenunterricht. Bis ich eines Tages, im Alter von 6 Jahren eine Geige in H\u00e4nden hielt. Eine kleine \u00bc Geige. Ich war total fasziniert. Das wird mein Instrument! Meine Eltern hatte ich recht schnell \u00fcberzeugt und so kam es, dass ich mit knapp 7 Jahren mit dem Geigenunterricht anfing. Und ich war eine flei\u00dfig Sch\u00fclerin.<\/p>\n<p style=\"margin-bottom: 0cm;\">Bereits mit 8 durfte ich im Kammerorchester Furtwangen mitspielen und hatte meine ersten Auftritte. Mit 10 Jahren wechselte ich dann von der Geige auf die Bratsche. Kaum zwei Jahre sp\u00e4ter wurde ich in das Jugend-Symphonieorchester St. Georgen-Furtwangen und in das Kirchenorchester Furtwangen aufgenommen. Bis zu meinem Abi mit 19 folgten Teilnahmen bei \u201eJugend musiziert\u201c und zahlreiche Orchesterreisen, unter anderem nach England, Frankreich, Spanien und Portugal, Italien, T\u00fcrkei, Griechenland und Ungarn. Hinzu kamen Projekte im Trio (2 Klarinetten , Bratsche) und Quartett (2 Klarinetten, Bratsche, Cello).<\/p>\n<p style=\"margin-bottom: 0cm;\">Parallel begann ich als Teenager damit, meine ersten Gesangserfahrungen im Pop-Rock-Bereich zu sammeln. Mit 17 erhielt ich im Musical \u201eRelationship\u201c von Rolf Langenbach in der Figur der Sonja eine der Hauptrollen zugeteilt. Durch dieses Musical-Projekt, das insgesamt zwei Jahre dauerte, lernte ich viele Musiker und sp\u00e4tere Bandkollegen kennen.<\/p>\n<p style=\"margin-bottom: 0cm;\">Mit \u201eFourest\u201c entstand auch die erste Pop-Rock-Formation an der ich beteiligt war. Nach einem Auftritt mit \u201eFourest\u201c als Vorband beim Open-Air in Schonach und zwei weiteren Solo-Gastauftritten wurde ich 2001 festes Mitglied der \u201eWOMBATS\u201c (damals noch \u201eSchorle-Band&#8220;).<\/p>\n<p style=\"margin-bottom: 0cm;\">In dieser Zeit entdeckte ich bei Zeck in Waldkirch mein erstes elektrisches Streichinstrument, die Yamaha Silent Viola. Mit diesem Instrument begann ich, meine ganz eigene Art der Umsetzung und Interpretation, meinen ganz eigener Stil, \u201emein Ding\u201c zu entwickeln.<\/p>\n<p style=\"margin-bottom: 0cm;\">2004 entstand zusammen mit Andreas \u201eLeo\u201c Meyer und Wolfgang \u201eSchorle\u201c Schyle die Akustikformation \u201emini-rock\u201c, mit unz\u00e4hligen Auftritten in den nun folgenden 7 Jahren .<\/p>\n<p style=\"margin-bottom: 0cm;\">Mit den \u201eWOMBATS\u201c gab es parallel hierzu Auftritte auf gro\u00dfen B\u00fchnen, unter anderem mit Bro`sis, Wonderwall, Jeanette Biedermann, Max Mutzke und Reamonn. Und nat\u00fcrlich das allj\u00e4hrliche Open-Air im Kurpark Schonach.<\/p>\n<p style=\"margin-bottom: 0cm;\">2007 zog ich nach N\u00fcrnberg. Dort hatte ich nicht nur mehrere Jahre professionellen Gesangsunterricht, sondern durfte auch wieder zahlreiche neue Musikerkollegen kennen lernen. Nat\u00fcrlich gab es auch hier wieder neue Musikprojekte. So war ich festes Mitglied in der Band \u201eNightline\u201c, einer 10er Formation mit deutlich Soul und Funk-lastiger Ausrichtung. Mit \u201ethe left behinds\u201c, hatte und habe ich als Gastmusiker gelegentlich noch immer sehr sch\u00f6ne Akustisch gepr\u00e4gte Auftritte.<\/p>\n<p style=\"margin-bottom: 0cm;\">Meine Schwarzw\u00e4lder Musikerkollegen habe ich in dieser Zeit nat\u00fcrlich nicht h\u00e4ngen lassen. 6,5 Jahre lang waren daher die Autobahnenen A6 + A81 fester Bestandteil meiner Wochenenden&#8230;<\/p>\n<p style=\"margin-bottom: 0cm;\">Durch den Erwerb meiner Yamaha Silent Violin 2007 steht dieses Jahr f\u00fcr mich aber auch unter dem Motto \u201eback to the roots\u201c, zur\u00fcck zum Ursprung oder besser gesagt zur\u00fcck zur Geige. Neben diversen verrockten Irish-Folk-St\u00fccken inspiriert und pr\u00e4gt mich aber vor allem ein Lied bis heute: \u201eAm Fenster\u201c von City. Pflicht in jedem Konzert<\/p>\n<p style=\"margin-bottom: 0cm;\">2010 l\u00f6ste sich mini-rock auf und lie\u00df zwei neue Formationen entstehen:<\/p>\n<p style=\"margin-bottom: 0cm;\">Zum einen \u201eBlameless\u201c in der ich mit Andreas \u201eLeo\u201c Meyer und Hans-Gerhard \u201eBingo\u201c Hammerschmidt zu h\u00f6ren war, und zum anderen \u201eWOMBATS unplugged\u201c, in der ich mit meinen \u201eWOMBATS\u201c Bandkollegen Wolfgang \u201eSchorle\u201c Schyle und Ralph \u201eSteckle\u201c Schneider auftrete.<\/p>\n<p style=\"margin-bottom: 0cm;\">2012 zog ich nach Kehl und kehrte somit in die Badische Heimat zur\u00fcck. Neben den\u00a0\u201eWOMBATS\u201c und meiner Hauptformation \u201eWOMBATS unplugged\u201c\u00a0entstanden\u00a0noch zwei neue Duo-Projekte:\u00a0Rebecca &amp; Ralph mit\u00a0Ralph &#8222;Steckle&#8220; Schneider sowie Rebecca &amp; Tom mit Thomas &#8222;Welli&#8220; Wellershaus. Zudem\u00a0bin\u00a0ich auch immer wieder mit verschiedenen Musikern der Region in unterschiedlichen Projekten zu h\u00f6ren. Ach ja, und auch zur Klassik habe ich wieder gefunden. Am 10. Januar 2016 hatte ich mein erstes Konzert &#8211; Neujahrskonzert in der Stadthalle Kehl &#8211; mit dem Kehler Kammerorchester.<\/p>\n<p>[\/two_thirds]<\/p>\n","protected":false},"excerpt":{"rendered":"<p>[two_thirds]Musik begleitet mich schon (fast) mein ganzes Leben. Und weil ich urspr\u00fcnglich immer in die Fu\u00dfstapfen meiner gro\u00dfen Schwester treten und eine ebenso hervorragenden Klarinettistin werden wollte, begann ich zun\u00e4chst &hellip; <a href=\"https:\/\/www.rebeccapeschke.de\/?page_id=118\" class=\"more-link\"><span class=\"screen-reader-text\">About<\/span> weiterlesen<\/a><\/p>\n","protected":false},"author":1,"featured_media":0,"parent":0,"menu_order":0,"comment_status":"open","ping_status":"open","template":"page-about.php","meta":[],"_links":{"self":[{"href":"https:\/\/www.rebeccapeschke.de\/index.php?rest_route=\/wp\/v2\/pages\/118"}],"collection":[{"href":"https:\/\/www.rebeccapeschke.de\/index.php?rest_route=\/wp\/v2\/pages"}],"about":[{"href":"https:\/\/www.rebeccapeschke.de\/index.php?rest_route=\/wp\/v2\/types\/page"}],"author":[{"embeddable":true,"href":"https:\/\/www.rebeccapeschke.de\/index.php?rest_route=\/wp\/v2\/users\/1"}],"replies":[{"embeddable":true,"href":"https:\/\/www.rebeccapeschke.de\/index.php?rest_route=%2Fwp%2Fv2%2Fcomments&post=118"}],"version-history":[{"count":23,"href":"https:\/\/www.rebeccapeschke.de\/index.php?rest_route=\/wp\/v2\/pages\/118\/revisions"}],"predecessor-version":[{"id":928,"href":"https:\/\/www.rebeccapeschke.de\/index.php?rest_route=\/wp\/v2\/pages\/118\/revisions\/928"}],"wp:attachment":[{"href":"https:\/\/www.rebeccapeschke.de\/index.php?rest_route=%2Fwp%2Fv2%2Fmedia&parent=118"}],"curies":[{"name":"wp","href":"https:\/\/api.w.org\/{rel}","templated":true}]}}

<p>[two_thirds]Musik begleitet mich schon (fast) mein ganzes Leben. Und weil ich ursprünglich immer in die Fußstapfen meiner großen Schwester treten und eine ebenso hervorragenden Klarinettistin werden wollte, begann ich zunächst mit Blockflötenunterricht. Bis ich eines Tages, im Alter von 6 Jahren eine Geige in Händen hielt. Eine kleine ¼ Geige. Ich war total fasziniert. Das wird mein Instrument! Meine Eltern hatte ich recht schnell überzeugt und so kam es, dass ich mit knapp 7 Jahren mit dem Geigenunterricht anfing. Und ich war eine fleißig Schülerin.</p>
<p style="margin-bottom: 0cm;">Bereits mit 8 durfte ich im Kammerorchester Furtwangen mitspielen und hatte meine ersten Auftritte. Mit 10 Jahren wechselte ich dann von der Geige auf die Bratsche. Kaum zwei Jahre später wurde ich in das Jugend-Symphonieorchester St. Georgen-Furtwangen und in das Kirchenorchester Furtwangen aufgenommen. Bis zu meinem Abi mit 19 folgten Teilnahmen bei „Jugend musiziert“ und zahlreiche Orchesterreisen, unter anderem nach England, Frankreich, Spanien und Portugal, Italien, Türkei, Griechenland und Ungarn. Hinzu kamen Projekte im Trio (2 Klarinetten , Bratsche) und Quartett (2 Klarinetten, Bratsche, Cello).</p>
<p style="margin-bottom: 0cm;">Parallel begann ich als Teenager damit, meine ersten Gesangserfahrungen im Pop-Rock-Bereich zu sammeln. Mit 17 erhielt ich im Musical „Relationship“ von Rolf Langenbach in der Figur der Sonja eine der Hauptrollen zugeteilt. Durch dieses Musical-Projekt, das insgesamt zwei Jahre dauerte, lernte ich viele Musiker und spätere Bandkollegen kennen.</p>
<p style="margin-bottom: 0cm;">Mit „Fourest“ entstand auch die erste Pop-Rock-Formation an der ich beteiligt war. Nach einem Auftritt mit „Fourest“ als Vorband beim Open-Air in Schonach und zwei weiteren Solo-Gastauftritten wurde ich 2001 festes Mitglied der „WOMBATS“ (damals noch „Schorle-Band&#8220;).</p>
<p style="margin-bottom: 0cm;">In dieser Zeit entdeckte ich bei Zeck in Waldkirch mein erstes elektrisches Streichinstrument, die Yamaha Silent Viola. Mit diesem Instrument begann ich, meine ganz eigene Art der Umsetzung und Interpretation, meinen ganz eigener Stil, „mein Ding“ zu entwickeln.</p>
<p style="margin-bottom: 0cm;">2004 entstand zusammen mit Andreas „Leo“ Meyer und Wolfgang „Schorle“ Schyle die Akustikformation „mini-rock“, mit unzähligen Auftritten in den nun folgenden 7 Jahren .</p>
<p style="margin-bottom: 0cm;">Mit den „WOMBATS“ gab es parallel hierzu Auftritte auf großen Bühnen, unter anderem mit Bro`sis, Wonderwall, Jeanette Biedermann, Max Mutzke und Reamonn. Und natürlich das alljährliche Open-Air im Kurpark Schonach.</p>
<p style="margin-bottom: 0cm;">2007 zog ich nach Nürnberg. Dort hatte ich nicht nur mehrere Jahre professionellen Gesangsunterricht, sondern durfte auch wieder zahlreiche neue Musikerkollegen kennen lernen. Natürlich gab es auch hier wieder neue Musikprojekte. So war ich festes Mitglied in der Band „Nightline“, einer 10er Formation mit deutlich Soul und Funk-lastiger Ausrichtung. Mit „the left behinds“, hatte und habe ich als Gastmusiker gelegentlich noch immer sehr schöne Akustisch geprägte Auftritte.</p>
<p style="margin-bottom: 0cm;">Meine Schwarzwälder Musikerkollegen habe ich in dieser Zeit natürlich nicht hängen lassen. 6,5 Jahre lang waren daher die Autobahnenen A6 + A81 fester Bestandteil meiner Wochenenden&#8230;</p>
<p style="margin-bottom: 0cm;">Durch den Erwerb meiner Yamaha Silent Violin 2007 steht dieses Jahr für mich aber auch unter dem Motto „back to the roots“, zurück zum Ursprung oder besser gesagt zurück zur Geige. Neben diversen verrockten Irish-Folk-Stücken inspiriert und prägt mich aber vor allem ein Lied bis heute: „Am Fenster“ von City. Pflicht in jedem Konzert</p>
<p style="margin-bottom: 0cm;">2010 löste sich mini-rock auf und ließ zwei neue Formationen entstehen:</p>
<p style="margin-bottom: 0cm;">Zum einen „Blameless“ in der ich mit Andreas „Leo“ Meyer und Hans-Gerhard „Bingo“ Hammerschmidt zu hören war, und zum anderen „WOMBATS unplugged“, in der ich mit meinen „WOMBATS“ Bandkollegen Wolfgang „Schorle“ Schyle und Ralph „Steckle“ Schneider auftrete.</p>
<p style="margin-bottom: 0cm;">2012 zog ich nach Kehl und kehrte somit in die Badische Heimat zurück. Neben den „WOMBATS“ und meiner Hauptformation „WOMBATS unplugged“ entstanden noch zwei neue Duo-Projekte: Rebecca &amp; Ralph mit Ralph &#8222;Steckle&#8220; Schneider sowie Rebecca &amp; Tom mit Thomas &#8222;Welli&#8220; Wellershaus. Zudem bin ich auch immer wieder mit verschiedenen Musikern der Region in unterschiedlichen Projekten zu hören. Ach ja, und auch zur Klassik habe ich wieder gefunden. Am 10. Januar 2016 hatte ich mein erstes Konzert &#8211; Neujahrskonzert in der Stadthalle Kehl &#8211; mit dem Kehler Kammerorchester.</p>
<p>[/two_thirds]</p>

<p>[two_thirds]Musik begleitet mich schon (fast) mein ganzes Leben. Und weil ich ursprünglich immer in die Fußstapfen meiner großen Schwester treten und eine ebenso hervorragenden Klarinettistin werden wollte, begann ich zunächst &hellip; <a href="https://www.rebeccapeschke.de/?page_id=118" class="more-link"><span class="screen-reader-text">About</span> weiterlesen</a></p>
